 + -23. What is the remainder when i is divided by v?
13
Let r(o) = -o**3 - 7*o**2 - 7*o - 4. Calculate the remainder when 3 is divided by r(-6).
1
Let l(t) = t**3 + t + 18. Let v be l(0). Suppose -c + 7 = -3*z, 0 = 2*c - 2*z - 44 + v. Calculate the remainder when 31 is divided by c.
15
What is the remainder when 10/(-4)*(-36)/10 is divided by 7?
2
Suppose -2*d = 2*d - n - 89, -3*d + 3*n = -78. Calculate the remainder when 187 is divided by d.
19
Suppose 4*g - 40 = -0*g. Calculate the remainder when 16 is divided by g.
6
What is the remainder when 40 is divided by 14/((-7)/(-6) + 7/(-14))?
19
Let f(q) = -2*q - 1. Let n be f(-6). Calculate the remainder when 37 is divided by (-6)/(-5 - -2) + n.
11
Let h be 208/(-10) + 4/(-20). Let a = h - -31. What is the remainder when 19 is divided by a?
9
Let b(c) = -21*c. Let i be b(1). Let s = i + -11. Let y = s - -58. Calculate the remainder when y is divided by 14.
12
Suppose 6*l - 3*l + 6 = 0. Suppose 5*u + 13 + 12 = 3*p, 0 = p - 3*u - 7. Calculate the remainder when l/(-1) - 32/(-2) is divided by p.
8
Suppose -4*i + 6 = -26. Suppose i = 4*b, b - 36 = -4*r - 3*b. Suppose d + d = -3*g, 3*d + 4*g = 1. What is the remainder when r is divided by d?
1
Let u = 98 + -60. What is the remainder when u is divided by 21?
17
Let c be (38/2)/((-2)/(-2)). Suppose -5*s + c = -131. What is the remainder when s is divided by 8?
6
Suppose -2*g + 6*g - 352 = 0. Calculate the remainder when g is divided by 18.
16
Suppose 7 = -j + 18. Suppose f = -0*f + j. Let s = -7 + 13. What is the remainder when f is divided by s?
5
Let a = -15 - -7. What is the remainder when (-84)/(-2) + a + 8 is divided by 15?
12
Suppose -4 - 4 = -4*s. Suppose -s*d + 5 = -d. Suppose -d*r + 0*r = 2*o + 7, 4*r - 4 = -4*o. What is the remainder when 13 is divided by o?
1
Let i(k) = -5*k + 1. Let y be i(-3). Suppose -5*j = -2*c + 23 + y, -c + 4*j = -27. What is the remainder when c is divided by 3?
1
Suppose 2*g - 3*g - f + 32 = 0, 4*f = g - 27. What is the remainder when g is divided by 15 - (1 + -2)*1?
15
Suppose 4 = -v - 4*k - k, -5*v + k = -84. Calculate the remainder when 63 is divided by v.
15
Let r(n) = n**2 - 7*n + 7. Suppose s - 31 = -2*a, 1 + 18 = 2*a - 3*s. Let u be a*(10/(-4) - -3). Calculate the remainder when 25 is divided by r(u).
4
Let w(d) = -d + 7. What is the remainder when w(-16) is divided by 13?
10
Suppose 0 = -2*z - l, 3*l = -5*z - 2 - 0. What is the remainder when 40 is divided by (z/(-1))/((-3)/21)?
12
Suppose 2*n + 2*z + 73 = 7*n, 0 = -2*z - 8. Suppose h - 114 = -2*h. What is the remainder when h is divided by n?
12
What is the remainder when 91 is divided by 1727/55 + (-2)/5?
29
Let z(w) = w**3 - 7*w**2 + 10*w + 7. Calculate the remainder when 39 is divided by z(5).
4
Let j = 16 + -5. Let h(b) = b**2 - 2*b. What is the remainder when j is divided by h(3)?
2
Let y be 0/(-2 - 0/(-3)). Suppose y = 5*a - 20. What is the remainder when 6 is divided by a?
2
Suppose -3 = -t - 3*b - 0, -27 = -t + 3*b. What is the remainder when 40 is divided by t?
10
Suppose -2*l + q - 8 = 0, -5*q + 12 = -3*l - 0*q. What is the remainder when 14 is divided by l/14 - 348/(-42)?
6
Suppose 16 = 3*g - 0*g + 5*k, -3*g + 5*k - 34 = 0. Let z be ((-12)/(-9))/(1/g). Let f(p) = -3*p - 5. Calculate the remainder when 20 is divided by f(z).
6
Let p(b) = -b**2 - 15*b - 3. Let n(f) = -f**3 + 9*f**2 - 10*f + 5. Let z be n(8). What is the remainder when p(z) is divided by 21?
20
Suppose 2*g = -3*l + 71, -3*g = 2*l - 3*l - 101. Suppose 2*j + 2 = -0. What is the remainder when g is divided by j/(-1)*3*4?
10
Suppose s - 21 = 4*t - 72, 5*s = -2*t + 31. Calculate the remainder when 36*(0 + (1 - 0)) is divided by t.
10
Suppose 0 = 4*k + 2*n + 254, -320 = 5*k + 2*n. Let i = k + 97. What is the remainder when i is divided by 17?
14
Suppose -15 - 3 = -2*x. Let t = x - -7. What is the remainder when 47 is divided by t?
15
Let c = 268 - 198. Calculate the remainder when c is divided by 6.
4
Let p(n) = -16*n + 8. Let u be p(-4). Suppose 3*c - 125 = -4*d, -d = -4*c + 120 + u. Calculate the remainder when c is divided by 16.
15
Let q(i) = -5*i - 1. Let s be q(-1). Calculate the remainder when 21 is divided by 38/s + (-12)/(-8).
10
What is the remainder when 64 is divided by (-520)/(-24) - 2/(-6)?
20
Suppose 4*h = 4*m + 72, -63 = -5*h - 0*h - 4*m. Suppose 4*s - 3*s - 28 = 0. Calculate the remainder when s is divided by h.
13
Suppose p = 22 - 2. Let r(o) = o**3 + 4*o**2 + 6. Calculate the remainder when p is divided by r(-4).
2
Let v(y) = -y**3 + 3*y**2 + 5*y + 2. Let z = -4 - -8. Calculate the remainder when 17 is divided by v(z).
5
Let p(z) = -10*z - 13. What is the remainder when 81 is divided by p(-3)?
13
Let r(p) = p**3 - 3*p + 7. Let k(b) = 17*b**3 + 1. Let h be k(1). Suppose 5*c - h = 3*c. Calculate the remainder when r(3) is divided by c.
7
Let v be (-47*(-1 - -2))/1. Let p(m) = 2*m**3 - 6*m**2 + 2*m - 5. What is the remainder when p(4) is divided by 1/4 + v/(-4)?
11
Suppose -11 = -2*h - 3, -4*i + 3*h = -88. Calculate the remainder when i is divided by 14.
11
What is the remainder when 65 is divided by ((-102)/(-15))/(4/10)?
14
Suppose 5*d - 123 = -3*m, 2*d + d + 3*m = 75. Suppose -3*k - 2*f - 4 = -49, -5*f = -3*k + d. Calculate the remainder when 51 is divided by k.
12
Let a(k) = k**2 + 7*k + 13. What is the remainder when a(-10) is divided by 16?
11
Suppose 2*f + 0 = -4*v + 34, -37 = -5*v + 3*f. Calculate the remainder when v is divided by 3.
2
Suppose 2*b + b = 21. Let a = -5 + b. What is the remainder when 5 is divided by a?
1
Suppose 6*j - 6 = 5*j. Suppose j*p - 2*p = -w + 48, 24 = 2*p - 3*w. What is the remainder when 22 is divided by p?
10
Calculate the remainder when (-116)/(-14) + 4/42*-3 is divided by ((-4)/(-6))/(2/15).
3
Let u be ((3 + -2)*14)/2. Let b = -1 - u. What is the remainder when (-91)/(-4) - 2/b is divided by 12?
11
Let x be (1/2)/((-3)/(-384)). Suppose -3*h + w = -77, -5*w + x = 2*h + 7. Suppose -10 = -2*z + h. Calculate the remainder when 35 is divided by z.
17
Suppose 0*l = -4*l + 172. Calculate the remainder when l is divided by 23.
20
Suppose c - 7 = -1. Suppose g - 4 - c = 0. Let l = 40 + -12. What is the remainder when l is divided by g?
8
Suppose 5*s - 3*q - 28 = 0, 4*q - 21 = -5*s - 0*q. What is the remainder when 24 is divided by s?
4
Suppose 0 = -3*b + 3*u + 312, 0*u + 101 = b - 4*u. Calculate the remainder when b is divided by 27.
24
Let x = 19 + -15. Calculate the remainder when ((-10)/(-4))/(2/x) is divided by 3.
2
What is the remainder when 2/(-3)*(-102)/4 is divided by 10?
7
Suppose -6*z + 12*z = 234. What is the remainder when z is divided by 8?
7
Let r = 15 - -10. What is the remainder when r is divided by 9?
7
Let k(v) = v + 20. Let a(f) = -4*f**3 - 1. Calculate the remainder when a(-2) is divided by k(-9).
9
Let p(y) = -y**3 + 3*y**2 - 8*y + 2. Let b be p(6). Let i(v) = -4*v + 2. Calculate the remainder when (-2)/(-6) - b/6 is divided by i(-3).
12
Let x = -8 - -10. Calculate the remainder when (-5*1)/(0 + -1) is divided by x.
1
Suppose -6*t - 8 = -2*t. Suppose -3*x + 6 = 3. Calculate the remainder when 1/((1 + t)*-1) is divided by x.
0
Suppose -f - 1 = b, 3*f = -5*b - 5 + 4. Calculate the remainder when -4 - f - 114/(-2) is divided by 14.
13
Calculate the remainder when (-5 + -2)*24/(-7) is divided by 9.
6
Let y be -2 - ((-3 - -2) + -3). Suppose -3*j - j - 193 = -5*g, -y*g = 2*j - 70. Calculate the remainder when g is divided by 10.
7
Let y = -80 - -122. Let h = -26 + 37. Calculate the remainder when y is divided by h.
9
Suppose 0 = 5*d - 357 + 117. Suppose -a = -3*b + 8*b + d, -4*b + 4*a = 24. Calculate the remainder when 23 is divided by (-3)/(b/(-24)*-1).
7
Suppose -s - 95 = -5*w, -2*s = 8*w - 3*w - 95. Calculate the remainder when w is divided by 5.
4
Let p = 16 + 2. What is the remainder when p is divided by (-3 - (-6 - 4))*1?
4
Suppose -149 = -5*v + 26. Let d(t) = -t**3 + 3*t**2 - 2*t + 3. Let u be d(2). What is the remainder when v is divided by (-8)/u*(-9)/2?
11
Let m = 75 - 62. Let r(c) = -c**3 + 4*c**2 - 2*c - 1. Let k be r(2). Suppose u = -k*y + 16, 5*u = 2*y - 47 + 8. What is the remainder when m is divided by y?
6
Let r = 1 + 3. Suppose r*k - k - 27 = 0. What is the remainder when 16 is divided by k?
7
Suppose 3*c + 